{"id":198,"date":"2017-04-25T18:18:43","date_gmt":"2017-04-25T18:18:43","guid":{"rendered":"https:\/\/vivaeventos.com.br\/\/mundoformatura\/?page_id=198"},"modified":"2017-04-25T18:18:43","modified_gmt":"2017-04-25T18:18:43","slug":"sobre","status":"publish","type":"page","link":"https:\/\/vivaeventos.com.br\/mundoformatura\/sobre\/","title":{"rendered":"Sobre o Mundo Formatura"},"content":{"rendered":"<h2>Tudo sobre Formaturas<\/h2>\n<p>O Mundo Formatura \u00e9 um portal sobre produ\u00e7\u00e3o de eventos de formatura e vida universit\u00e1ria. Nosso conte\u00fado traz relev\u00e2ncia e entretenimento para o estudante em todas as fases da gradua\u00e7\u00e3o. Queremos ajudar os formandos com dicas, ideias e tudo que precisarem sobre formatura, faculdade, cotidiano e carreira.<\/p>\n<h2>O Mundo Formatura \u00e9 dos universit\u00e1rios<\/h2>\n<p>O Mundo Formatura surgiu para oferecer ao universit\u00e1rio, desde calouros at\u00e9 formandos, tudo que eles precisam para aproveitar mais os anos de gradua\u00e7\u00e3o e fechar este ciclo com chave de ouro na formatura perfeita. N\u00f3s tamb\u00e9m j\u00e1 fomos universit\u00e1rios e sabemos tudo de bom que a faculdade pode oferecer. Nosso foco \u00e9 a experi\u00eancia de formatura completa: acreditamos que formatura n\u00e3o se resume a uma semana de eventos. A formatura perfeita inclui uma experi\u00eancia completa, que faz do dia-a-dia do estudante, que faz da gradua\u00e7\u00e3o um per\u00edodo inesquec\u00edvel.<\/p>\n<h2>Quem somos<\/h2>\n<p>O Mundo Formatura \u00e9 um blog produzido pela <a href=\"https:\/\/www.vivaeventos.com.br\/\">VIVA Eventos<\/a> com o objetivo de fomentar o mercado de formaturas do Brasil, oferecendo conte\u00fado \u00fatil e de qualidade aos formandos. Acreditamos que a formatura perfeita \u00e9 poss\u00edvel e todos merecem realizar este sonho. Com mais informa\u00e7\u00e3o e criatividade, os formandos podem realizar o evento perfeito, afinal este pode ser o melhor dia de suas vidas. Conhe\u00e7a o trabalho da <a href=\"https:\/\/www.vivaeventos.com.br\/\">VIVA Eventos<\/a>, a maior empresa de eventos do pa\u00eds.<\/p>\n","protected":false},"excerpt":{"rendered":"<p>Tudo sobre Formaturas O Mundo Formatura \u00e9 um portal sobre produ\u00e7\u00e3o de eventos de formatura e vida universit\u00e1ria. Nosso conte\u00fado [&#8230;]<\/p>\n<p><a class=\"btn btn-primary rockcontent-read-more-link\" href=\"https:\/\/vivaeventos.com.br\/mundoformatura\/sobre\/\">Leia mais&#8230;<\/a><\/p>\n","protected":false},"author":9,"featured_media":0,"parent":0,"menu_order":0,"comment_status":"closed","ping_status":"closed","template":"","meta":[],"yoast_head":"<!-- This site is optimized with the Yoast SEO plugin v14.0.4 - https:\/\/yoast.com\/wordpress\/plugins\/seo\/ -->\n<title>Sobre o Mundo Formatura - Mundo Formatura - Viva eventos<\/title>\n<meta name=\"robots\" content=\"index, follow\" \/>\n<meta name=\"googlebot\" content=\"index, follow, max-snippet:-1, max-image-preview:large, max-video-preview:-1\" \/>\n<meta name=\"bingbot\" content=\"index, follow, max-snippet:-1, max-image-preview:large, max-video-preview:-1\" \/>\n<link rel=\"canonical\" href=\"https:\/\/vivaeventos.com.br\/mundoformatura\/sobre\/\" \/>\n<meta name=\"twitter:card\" content=\"summary\" \/>\n<meta name=\"twitter:title\" content=\"Sobre o Mundo Formatura - Mundo Formatura - Viva eventos\" \/>\n<meta name=\"twitter:description\" content=\"Tudo sobre Formaturas O Mundo Formatura \u00e9 um portal sobre produ\u00e7\u00e3o de eventos de formatura e vida universit\u00e1ria. Nosso conte\u00fado [...]Leia mais...\" \/>\n<script type=\"application\/ld+json\" class=\"yoast-schema-graph\">{\"@context\":\"https:\/\/schema.org\",\"@graph\":[{\"@type\":\"WebSite\",\"@id\":\"https:\/\/vivaeventos.com.br\/mundoformatura\/#website\",\"url\":\"https:\/\/vivaeventos.com.br\/mundoformatura\/\",\"name\":\"Mundo Formatura - Viva eventos\",\"description\":\"\",\"potentialAction\":[{\"@type\":\"SearchAction\",\"target\":\"https:\/\/vivaeventos.com.br\/mundoformatura\/?s={search_term_string}\",\"query-input\":\"required name=search_term_string\"}],\"inLanguage\":\"pt-BR\"},{\"@type\":\"WebPage\",\"@id\":\"https:\/\/vivaeventos.com.br\/mundoformatura\/sobre\/#webpage\",\"url\":\"https:\/\/vivaeventos.com.br\/mundoformatura\/sobre\/\",\"name\":\"Sobre o Mundo Formatura - Mundo Formatura - Viva eventos\",\"isPartOf\":{\"@id\":\"https:\/\/vivaeventos.com.br\/mundoformatura\/#website\"},\"datePublished\":\"2017-04-25T18:18:43+00:00\",\"dateModified\":\"2017-04-25T18:18:43+00:00\",\"inLanguage\":\"pt-BR\",\"potentialAction\":[{\"@type\":\"ReadAction\",\"target\":[\"https:\/\/vivaeventos.com.br\/mundoformatura\/sobre\/\"]}]}]}<\/script>\n<!-- \/ Yoast SEO plugin. -->","_links":{"self":[{"href":"https:\/\/vivaeventos.com.br\/mundoformatura\/wp-json\/wp\/v2\/pages\/198"}],"collection":[{"href":"https:\/\/vivaeventos.com.br\/mundoformatura\/wp-json\/wp\/v2\/pages"}],"about":[{"href":"https:\/\/vivaeventos.com.br\/mundoformatura\/wp-json\/wp\/v2\/types\/page"}],"author":[{"embeddable":true,"href":"https:\/\/vivaeventos.com.br\/mundoformatura\/wp-json\/wp\/v2\/users\/9"}],"replies":[{"embeddable":true,"href":"https:\/\/vivaeventos.com.br\/mundoformatura\/wp-json\/wp\/v2\/comments?post=198"}],"version-history":[{"count":2,"href":"https:\/\/vivaeventos.com.br\/mundoformatura\/wp-json\/wp\/v2\/pages\/198\/revisions"}],"predecessor-version":[{"id":200,"href":"https:\/\/vivaeventos.com.br\/mundoformatura\/wp-json\/wp\/v2\/pages\/198\/revisions\/200"}],"wp:attachment":[{"href":"https:\/\/vivaeventos.com.br\/mundoformatura\/wp-json\/wp\/v2\/media?parent=198"}],"curies":[{"name":"wp","href":"https:\/\/api.w.org\/{rel}","templated":true}]}}